{"id":331,"date":"2023-08-30T07:59:10","date_gmt":"2023-08-30T06:59:10","guid":{"rendered":"https:\/\/rochdalepetanque.com\/?page_id=331"},"modified":"2023-08-30T08:21:50","modified_gmt":"2023-08-30T07:21:50","slug":"video","status":"publish","type":"page","link":"https:\/\/rochdalepetanque.com\/index.php\/video\/","title":{"rendered":"Videos"},"content":{"rendered":"\n<figure class=\"wp-block-embed is-type-video is-provider-youtube wp-block-embed-youtube wp-embed-aspect-16-9 wp-has-aspect-ratio\"><div class=\"wp-block-embed__wrapper\">\n<iframe title=\"La finale femme 2023 : Tur contre Fara\" width=\"950\" height=\"534\" src=\"https:\/\/www.youtube.com\/embed\/04_N4op5XDE?feature=oembed\" frameborder=\"0\" allow=\"accelerometer; autoplay; clipboard-write; encrypted-media; gyroscope; picture-in-picture; web-share\" allowfullscreen><\/iframe>\n<\/div><\/figure>\n\n\n\n<figure class=\"wp-block-embed is-type-video is-provider-youtube wp-block-embed-youtube wp-embed-aspect-16-9 wp-has-aspect-ratio\"><div class=\"wp-block-embed__wrapper\">\n<iframe title=\"Finale Mondial la Marseillaise \u00e0 p\u00e9tanque 2023 : Sanvers contre Bonetto\" width=\"950\" height=\"534\" src=\"https:\/\/www.youtube.com\/embed\/4Cp16ZgJfUM?feature=oembed\" frameborder=\"0\" allow=\"accelerometer; autoplay; clipboard-write; encrypted-media; gyroscope; picture-in-picture; web-share\" allowfullscreen><\/iframe>\n<\/div><\/figure>\n\n\n\n<figure class=\"wp-block-embed is-type-video is-provider-youtube wp-block-embed-youtube wp-embed-aspect-16-9 wp-has-aspect-ratio\"><div class=\"wp-block-embed__wrapper\">\n<iframe title=\"Petanque 2023: Deux doublettes redoutables s&#039;affrontent en demi-finale\" width=\"950\" height=\"534\" src=\"https:\/\/www.youtube.com\/embed\/9obb8viJBOk?feature=oembed\" frameborder=\"0\" allow=\"accelerometer; autoplay; clipboard-write; encrypted-media; gyroscope; picture-in-picture; web-share\" allowfullscreen><\/iframe>\n<\/div><\/figure>\n\n\n\n<figure class=\"wp-block-embed is-type-video is-provider-youtube wp-block-embed-youtube wp-embed-aspect-16-9 wp-has-aspect-ratio\"><div class=\"wp-block-embed__wrapper\">\n<iframe title=\"Huiti\u00e8me POIRET vs JACQUET : National \u00e0 p\u00e9tanque de Ch\u00e2teauneuf-sur-Loire 2023\" width=\"950\" height=\"534\" src=\"https:\/\/www.youtube.com\/embed\/ch-quwCdr8s?feature=oembed\" frameborder=\"0\" allow=\"accelerometer; autoplay; clipboard-write; encrypted-media; gyroscope; picture-in-picture; web-share\" allowfullscreen><\/iframe>\n<\/div><\/figure>\n","protected":false},"excerpt":{"rendered":"","protected":false},"author":1,"featured_media":0,"parent":0,"menu_order":0,"comment_status":"closed","ping_status":"closed","template":"","meta":{"footnotes":""},"class_list":["post-331","page","type-page","status-publish","hentry"],"_links":{"self":[{"href":"https:\/\/rochdalepetanque.com\/index.php\/wp-json\/wp\/v2\/pages\/331","targetHints":{"allow":["GET"]}}],"collection":[{"href":"https:\/\/rochdalepetanque.com\/index.php\/wp-json\/wp\/v2\/pages"}],"about":[{"href":"https:\/\/rochdalepetanque.com\/index.php\/wp-json\/wp\/v2\/types\/page"}],"author":[{"embeddable":true,"href":"https:\/\/rochdalepetanque.com\/index.php\/wp-json\/wp\/v2\/users\/1"}],"replies":[{"embeddable":true,"href":"https:\/\/rochdalepetanque.com\/index.php\/wp-json\/wp\/v2\/comments?post=331"}],"version-history":[{"count":6,"href":"https:\/\/rochdalepetanque.com\/index.php\/wp-json\/wp\/v2\/pages\/331\/revisions"}],"predecessor-version":[{"id":339,"href":"https:\/\/rochdalepetanque.com\/index.php\/wp-json\/wp\/v2\/pages\/331\/revisions\/339"}],"wp:attachment":[{"href":"https:\/\/rochdalepetanque.com\/index.php\/wp-json\/wp\/v2\/media?parent=331"}],"curies":[{"name":"wp","href":"https:\/\/api.w.org\/{rel}","templated":true}]}}